{"id":409,"date":"2016-12-14T19:42:10","date_gmt":"2016-12-14T18:42:10","guid":{"rendered":"http:\/\/studioka1.pl\/?page_id=409"},"modified":"2017-01-15T16:08:04","modified_gmt":"2017-01-15T15:08:04","slug":"o-mnie","status":"publish","type":"page","link":"http:\/\/studioka1.pl\/?page_id=409","title":{"rendered":"O MNIE"},"content":{"rendered":"<p><span style=\"font-size: small;\"><b>STUDIO KA1<\/b> Pracownia Architektury i Krajobrazu Alina Kudirka<\/span><\/p>\n<p><span style=\"font-size: small;\">Przestrze\u0144 wok\u00f3\u0142 nas jest bardzo wa\u017cna, kszta\u0142tuje nasz\u0105 wyobra\u017ani\u0119, sprawia \u017ce w jednym miejscu czujemy si\u0119 dobrze a w innym gorzej. Cieszy mnie, \u017ce coraz wi\u0119cej ludzi zwraca uwag\u0119 na otoczenie wok\u00f3\u0142 siebie. W mojej pracy jest to kwesti\u0105 priorytetow\u0105. Staram si\u0119 aby projektowany budynek \u0142\u0105cznie z ca\u0142o\u015bci\u0105 zagospodarowania jak najlepiej wpisywa\u0142 si\u0119 w otoczenie nie zatracaj\u0105c przy tym indywidualnego charakteru i tworzy\u0142 sp\u00f3jn\u0105 ca\u0142o\u015b\u0107, w kt\u00f3rej cz\u0142owiek b\u0119dzie si\u0119 czu\u0142 szcz\u0119\u015bliwie i wyj\u0105tkowo niezale\u017cnie od tego czy jest to dom mieszkalny, budynek u\u017cyteczno\u015bci publicznej czy hala produkcyjna. <\/span><\/p>\n<p><span style=\"font-size: small;\">W swojej pracy k\u0142ad\u0119 szczeg\u00f3lny nacisk na potrzeby klienta, do ka\u017cdego projektu podchodz\u0105c indywidualnie z dba\u0142o\u015bci\u0105 o szczeg\u00f3\u0142y. <\/span><\/p>\n<p><span style=\"font-size: small;\">Zdobywane przez lata do\u015bwiadczenie pozwoli\u0142o mi na za\u0142o\u017cenie w 2015 w\u0142asnej pracowni. Wsp\u00f3\u0142pracuj\u0119 z innymi architektami oraz specjalistami z r\u00f3\u017cnych bran\u017c (sanitarnej, konstrukcyjnej, elektrycznej, ogrodniczej) tak aby ko\u0144cowe projekty spe\u0142nia\u0142y wszystkie wymagania i normy. <\/span><\/p>\n<p><span style=\"font-size: small;\">Zajmuj\u0119 si\u0119 kompleksowo projektami budynk\u00f3w i ogrod\u00f3w pocz\u0105wszy od projekt\u00f3w koncepcyjnych po budowlane i wykonawcze. Prowadz\u0119 inwestycj\u0119 od strony procedur administracyjnych \u2013 dokonuj\u0119 wszelkich uzgodnie\u0144 z Urz\u0119dami (zarz\u0105dcy medi\u00f3w, dr\u00f3g etc.), koniecznych do zatwierdzenia projektu i uzyskania decyzji o pozwoleniu na budow\u0119.<\/span><\/p>\n<p><span style=\"font-size: small;\">Efektem mojej pracy jest kompletna dokumentacja architektoniczno-budowlana.<\/span> <\/span><\/p>\n<p><span style=\"font-size: small;\">W miar\u0119 potrzeby tworz\u0119 wizualizacje wspomagaj\u0105ce proces projektowy a tak\u017ce wizualizacje fotorealistyczne na potrzeby deweloper\u00f3w. <\/span><\/p>\n<p align=\"RIGHT\">Zapraszam do wsp\u00f3\u0142pracy.<\/p>\n<p align=\"RIGHT\"><i>&nbsp;Alina Kudirka<\/i><\/p>\n","protected":false},"excerpt":{"rendered":"<p>STUDIO KA1 Pracownia Architektury i Krajobrazu Alina Kudirka Przestrze\u0144 wok\u00f3\u0142 nas jest bardzo wa\u017cna, kszta\u0142tuje nasz\u0105 wyobra\u017ani\u0119, sprawia \u017ce w jednym miejscu czujemy si\u0119 dobrze a w innym gorzej. Cieszy mnie, \u017ce coraz wi\u0119cej ludzi<a class=\"read-more\" href=\"http:\/\/studioka1.pl\/?page_id=409\">Continue reading<\/a><\/p>\n","protected":false},"author":1,"featured_media":0,"parent":0,"menu_order":0,"comment_status":"closed","ping_status":"closed","template":"","meta":{"ngg_post_thumbnail":0,"footnotes":""},"class_list":["post-409","page","type-page","status-publish","hentry"],"_links":{"self":[{"href":"http:\/\/studioka1.pl\/index.php?rest_route=\/wp\/v2\/pages\/409","targetHints":{"allow":["GET"]}}],"collection":[{"href":"http:\/\/studioka1.pl\/index.php?rest_route=\/wp\/v2\/pages"}],"about":[{"href":"http:\/\/studioka1.pl\/index.php?rest_route=\/wp\/v2\/types\/page"}],"author":[{"embeddable":true,"href":"http:\/\/studioka1.pl\/index.php?rest_route=\/wp\/v2\/users\/1"}],"replies":[{"embeddable":true,"href":"http:\/\/studioka1.pl\/index.php?rest_route=%2Fwp%2Fv2%2Fcomments&post=409"}],"version-history":[{"count":10,"href":"http:\/\/studioka1.pl\/index.php?rest_route=\/wp\/v2\/pages\/409\/revisions"}],"predecessor-version":[{"id":738,"href":"http:\/\/studioka1.pl\/index.php?rest_route=\/wp\/v2\/pages\/409\/revisions\/738"}],"wp:attachment":[{"href":"http:\/\/studioka1.pl\/index.php?rest_route=%2Fwp%2Fv2%2Fmedia&parent=409"}],"curies":[{"name":"wp","href":"https:\/\/api.w.org\/{rel}","templated":true}]}}