{"id":11,"date":"2016-12-12T18:24:41","date_gmt":"2016-12-12T17:24:41","guid":{"rendered":"http:\/\/studioka1.pl\/?page_id=11"},"modified":"2021-03-11T14:56:29","modified_gmt":"2021-03-11T13:56:29","slug":"galeria","status":"publish","type":"page","link":"http:\/\/studioka1.pl\/?page_id=11","title":{"rendered":"architektura"},"content":{"rendered":"<p>&nbsp;<\/p>\n<p><center><a href=\"http:\/\/studioka1.pl\/?page_id=961\">&nbsp; <\/a><a href=\"http:\/\/studioka1.pl\/?page_id=1039\"><img loading=\"lazy\" decoding=\"async\" class=\"post-img alignnone wp-image-1047\" title=\"BUDYNEK JEDNORODZINNY- Domat\u00f3wko\" src=\"http:\/\/studioka1.pl\/wp-content\/uploads\/2017\/12\/Widok2-1600x1600-500x464.jpg\" alt=\"BUDYNEK JEDNORODZINNY- Domat\u00f3wko\" width=\"288\" height=\"267\" srcset=\"http:\/\/studioka1.pl\/wp-content\/uploads\/2017\/12\/Widok2-1600x1600-500x464.jpg 500w, http:\/\/studioka1.pl\/wp-content\/uploads\/2017\/12\/Widok2-1600x1600-768x713.jpg 768w, http:\/\/studioka1.pl\/wp-content\/uploads\/2017\/12\/Widok2-1600x1600-1024x951.jpg 1024w, http:\/\/studioka1.pl\/wp-content\/uploads\/2017\/12\/Widok2-1600x1600.jpg 1600w\" sizes=\"auto, (max-width: 288px) 100vw, 288px\" \/><\/a><a href=\"http:\/\/studioka1.pl\/?page_id=1037\">&nbsp; <img loading=\"lazy\" decoding=\"async\" class=\"alignnone wp-image-1046\" title=\"OGR\u00d3D ZIMOWY- \u0141\u00f3d\u017a\" src=\"http:\/\/studioka1.pl\/wp-content\/uploads\/2017\/12\/4-500x375.jpg\" alt=\"OGR\u00d3D ZIMOWY- \u0141\u00f3d\u017a\" width=\"348\" height=\"261\" srcset=\"http:\/\/studioka1.pl\/wp-content\/uploads\/2017\/12\/4-500x375.jpg 500w, http:\/\/studioka1.pl\/wp-content\/uploads\/2017\/12\/4-768x576.jpg 768w, http:\/\/studioka1.pl\/wp-content\/uploads\/2017\/12\/4.jpg 800w\" sizes=\"auto, (max-width: 348px) 100vw, 348px\" \/> <\/a><a href=\"http:\/\/studioka1.pl\/?page_id=1035\"><img loading=\"lazy\" decoding=\"async\" class=\"post-img alignnone wp-image-1045\" title=\"TERMOMODERNIZACJA BUDYNKU JEDNORODZINNEGO\" src=\"http:\/\/studioka1.pl\/wp-content\/uploads\/2017\/12\/w2-1-500x375.jpg\" alt=\"TERMOMODERNIZACJA BUDYNKU JEDNORODZINNEGO\" width=\"348\" height=\"261\" srcset=\"http:\/\/studioka1.pl\/wp-content\/uploads\/2017\/12\/w2-1-500x375.jpg 500w, http:\/\/studioka1.pl\/wp-content\/uploads\/2017\/12\/w2-1-768x576.jpg 768w, http:\/\/studioka1.pl\/wp-content\/uploads\/2017\/12\/w2-1.jpg 800w\" sizes=\"auto, (max-width: 348px) 100vw, 348px\" \/><\/a><a href=\"http:\/\/studioka1.pl\/?page_id=1033\"> <img loading=\"lazy\" decoding=\"async\" class=\"alignnone wp-image-1042\" title=\"BUDYNEK 2 LOKALOWY\" src=\"http:\/\/studioka1.pl\/wp-content\/uploads\/2017\/12\/1-500x239.jpg\" alt=\"BUDYNEK 2 LOKALOWY\" width=\"563\" height=\"269\" srcset=\"http:\/\/studioka1.pl\/wp-content\/uploads\/2017\/12\/1-500x239.jpg 500w, http:\/\/studioka1.pl\/wp-content\/uploads\/2017\/12\/1-768x367.jpg 768w, http:\/\/studioka1.pl\/wp-content\/uploads\/2017\/12\/1-1024x489.jpg 1024w\" sizes=\"auto, (max-width: 563px) 100vw, 563px\" \/>&nbsp;&nbsp; &nbsp; &nbsp; &nbsp; &nbsp; &nbsp; &nbsp; &nbsp; &nbsp;&nbsp; &nbsp;&nbsp;&nbsp; &nbsp; &nbsp; &nbsp;&nbsp;<\/a> <a href=\"http:\/\/studioka1.pl\/?page_id=1031\"><img loading=\"lazy\" decoding=\"async\" class=\"alignnone wp-image-1041\" title=\"RZEBUDOWA I ROZBUDOWA BUDYNKU JEDNORODZINNEGO\" src=\"http:\/\/studioka1.pl\/wp-content\/uploads\/2017\/12\/w2-500x375.jpg\" alt=\"RZEBUDOWA I ROZBUDOWA BUDYNKU JEDNORODZINNEGO\" width=\"371\" height=\"278\" srcset=\"http:\/\/studioka1.pl\/wp-content\/uploads\/2017\/12\/w2-500x375.jpg 500w, http:\/\/studioka1.pl\/wp-content\/uploads\/2017\/12\/w2.jpg 640w\" sizes=\"auto, (max-width: 371px) 100vw, 371px\" \/><\/a><a href=\"http:\/\/studioka1.pl\/?page_id=961\">&nbsp; &nbsp;&nbsp; <\/a><a href=\"http:\/\/studioka1.pl\/?page_id=961\">&nbsp;&nbsp;&nbsp;<\/a><a href=\"http:\/\/studioka1.pl\/?page_id=961\"><img loading=\"lazy\" decoding=\"async\" class=\"wp-image-969 alignnone\" title=\"BUDYNKI JEDNORODZINNE W ZABUDOWIE BLI\u017bNIACZEJ\" src=\"http:\/\/studioka1.pl\/wp-content\/uploads\/2017\/12\/Widok-2-500x281.jpg\" alt=\"BUDYNKI JEDNORODZINNE W ZABUDOWIE BLI\u017bNIACZEJ\" width=\"396\" height=\"223\" srcset=\"http:\/\/studioka1.pl\/wp-content\/uploads\/2017\/12\/Widok-2-500x281.jpg 500w, http:\/\/studioka1.pl\/wp-content\/uploads\/2017\/12\/Widok-2-768x432.jpg 768w, http:\/\/studioka1.pl\/wp-content\/uploads\/2017\/12\/Widok-2-1024x576.jpg 1024w, http:\/\/studioka1.pl\/wp-content\/uploads\/2017\/12\/Widok-2.jpg 1920w\" sizes=\"auto, (max-width: 396px) 100vw, 396px\" \/>&nbsp; <\/a><a href=\"http:\/\/studioka1.pl\/?page_id=954\"><img loading=\"lazy\" decoding=\"async\" class=\"alignnone wp-image-957\" title=\"PRZEBUDOWA CHA\u0141UPY\" src=\"http:\/\/studioka1.pl\/wp-content\/uploads\/2017\/12\/DSCF1829-500x381.jpg\" alt=\"PPRZEBUDOWA CHA\u0141UPY\" width=\"296\" height=\"225\" srcset=\"http:\/\/studioka1.pl\/wp-content\/uploads\/2017\/12\/DSCF1829-500x381.jpg 500w, http:\/\/studioka1.pl\/wp-content\/uploads\/2017\/12\/DSCF1829-768x585.jpg 768w, http:\/\/studioka1.pl\/wp-content\/uploads\/2017\/12\/DSCF1829-1024x780.jpg 1024w\" sizes=\"auto, (max-width: 296px) 100vw, 296px\" \/><\/a>&nbsp; <a href=\"http:\/\/studioka1.pl\/?page_id=212\"><img loading=\"lazy\" decoding=\"async\" class=\"post-img alignnone wp-image-197 size-medium\" title=\"BUDYNEK MAGAZYNOWO- BIUROWY W\u0141ADYS\u0141AWOWO\" src=\"http:\/\/studioka1.pl\/wp-content\/uploads\/2016\/12\/w\u0142adys\u0142awowo-2-300x225.jpg\" alt=\"BUDYNEK MAGAZYNOWO- BIUROWY W\u0141ADYS\u0141AWOWO\" width=\"300\" height=\"225\" srcset=\"http:\/\/studioka1.pl\/wp-content\/uploads\/2016\/12\/w\u0142adys\u0142awowo-2-300x225.jpg 300w, http:\/\/studioka1.pl\/wp-content\/uploads\/2016\/12\/w\u0142adys\u0142awowo-2-768x576.jpg 768w, http:\/\/studioka1.pl\/wp-content\/uploads\/2016\/12\/w\u0142adys\u0142awowo-2.jpg 1000w\" sizes=\"auto, (max-width: 300px) 100vw, 300px\" \/><\/a>&nbsp; <a href=\"http:\/\/studioka1.pl\/?page_id=380\"><img loading=\"lazy\" decoding=\"async\" class=\"post-img alignnone wp-image-195 size-medium\" title=\"BUDYNKI JEDNORODZINNE W ZABUDOWIE BLI\u017bNIACZEJ RUMIA\" src=\"http:\/\/studioka1.pl\/wp-content\/uploads\/2016\/12\/rumia-1-300x225.jpg\" width=\"300\" height=\"225\" srcset=\"http:\/\/studioka1.pl\/wp-content\/uploads\/2016\/12\/rumia-1-300x225.jpg 300w, http:\/\/studioka1.pl\/wp-content\/uploads\/2016\/12\/rumia-1-768x576.jpg 768w, http:\/\/studioka1.pl\/wp-content\/uploads\/2016\/12\/rumia-1.jpg 1000w\" sizes=\"auto, (max-width: 300px) 100vw, 300px\" \/><\/a>&nbsp;&nbsp; <a href=\"http:\/\/studioka1.pl\/?page_id=103\"><img loading=\"lazy\" decoding=\"async\" class=\"post-img alignnone wp-image-192\" title=\"BUDYNKI JEDNORODZINNE W ZABUDOWIE BLI\u017bNIACZEJ BOJANO\" src=\"http:\/\/studioka1.pl\/wp-content\/uploads\/2016\/12\/Bojano1-300x169.jpg\" alt=\"\" width=\"400\" height=\"225\" srcset=\"http:\/\/studioka1.pl\/wp-content\/uploads\/2016\/12\/Bojano1-300x169.jpg 300w, http:\/\/studioka1.pl\/wp-content\/uploads\/2016\/12\/Bojano1-768x432.jpg 768w, http:\/\/studioka1.pl\/wp-content\/uploads\/2016\/12\/Bojano1.jpg 1000w\" sizes=\"auto, (max-width: 400px) 100vw, 400px\" \/><\/a> &nbsp;<a href=\"http:\/\/studioka1.pl\/?page_id=388\"><img loading=\"lazy\" decoding=\"async\" class=\"post-img alignnone wp-image-392 size-medium\" title=\"2 BUDYNKI LETNISKOWE MECHELINKI\" src=\"http:\/\/studioka1.pl\/wp-content\/uploads\/2016\/12\/6mechelinki-300x225.jpg\" width=\"300\" height=\"225\" srcset=\"http:\/\/studioka1.pl\/wp-content\/uploads\/2016\/12\/6mechelinki-300x225.jpg 300w, http:\/\/studioka1.pl\/wp-content\/uploads\/2016\/12\/6mechelinki-768x576.jpg 768w, http:\/\/studioka1.pl\/wp-content\/uploads\/2016\/12\/6mechelinki-1024x768.jpg 1024w, http:\/\/studioka1.pl\/wp-content\/uploads\/2016\/12\/6mechelinki.jpg 1600w\" sizes=\"auto, (max-width: 300px) 100vw, 300px\" \/><\/a> &nbsp;<a href=\"http:\/\/studioka1.pl\/?page_id=367\">&nbsp; &nbsp; <\/a><a href=\"http:\/\/studioka1.pl\/?page_id=601 \"><img loading=\"lazy\" decoding=\"async\" class=\"post-img alignnone wp-image-628\" title=\"PASA\u017b HANDLOWY SUCHY DW\u00d3R\" src=\"http:\/\/studioka1.pl\/wp-content\/uploads\/2016\/12\/BUDYNEK-HANDL-US\u0141UG-SUCHY-DW\u00d3R-1-300x166.jpg\" alt=\"PASA\u017b HANDLOWY SUCHY DW\u00d3R\" width=\"359\" height=\"199\" srcset=\"http:\/\/studioka1.pl\/wp-content\/uploads\/2016\/12\/BUDYNEK-HANDL-US\u0141UG-SUCHY-DW\u00d3R-1-300x166.jpg 300w, http:\/\/studioka1.pl\/wp-content\/uploads\/2016\/12\/BUDYNEK-HANDL-US\u0141UG-SUCHY-DW\u00d3R-1-768x424.jpg 768w, http:\/\/studioka1.pl\/wp-content\/uploads\/2016\/12\/BUDYNEK-HANDL-US\u0141UG-SUCHY-DW\u00d3R-1.jpg 839w\" sizes=\"auto, (max-width: 359px) 100vw, 359px\" \/><\/a> <a href=\"http:\/\/studioka1.pl\/?page_id=592\">&nbsp; <\/a><a href=\"http:\/\/studioka1.pl\/?page_id=592\"><img loading=\"lazy\" decoding=\"async\" class=\"post-img alignnone wp-image-626\" title=\"WIATA KAWIARNIA MECHELINKI\" src=\"http:\/\/studioka1.pl\/wp-content\/uploads\/2016\/12\/WIATA-MECHELINKI-1-300x166.jpg\" alt=\"WIATA KAWIARNIA MECHELINKI\" width=\"324\" height=\"179\" srcset=\"http:\/\/studioka1.pl\/wp-content\/uploads\/2016\/12\/WIATA-MECHELINKI-1-300x166.jpg 300w, http:\/\/studioka1.pl\/wp-content\/uploads\/2016\/12\/WIATA-MECHELINKI-1-768x424.jpg 768w, http:\/\/studioka1.pl\/wp-content\/uploads\/2016\/12\/WIATA-MECHELINKI-1.jpg 839w\" sizes=\"auto, (max-width: 324px) 100vw, 324px\" \/>&nbsp;&nbsp; <\/a><a href=\"http:\/\/studioka1.pl\/?page_id=595\"><img loading=\"lazy\" decoding=\"async\" class=\"post-img alignnone wp-image-627\" title=\"BUDYNEK JEDNORODZINNY KOSAKOWO\" src=\"http:\/\/studioka1.pl\/wp-content\/uploads\/2016\/12\/BUDYNEK-JEDNORODZINNY-KOSAKOW4-300x172.jpg\" alt=\"BUDYNEK JEDNORODZINNY KOSAKOWO\" width=\"313\" height=\"180\" srcset=\"http:\/\/studioka1.pl\/wp-content\/uploads\/2016\/12\/BUDYNEK-JEDNORODZINNY-KOSAKOW4-300x172.jpg 300w, http:\/\/studioka1.pl\/wp-content\/uploads\/2016\/12\/BUDYNEK-JEDNORODZINNY-KOSAKOW4-768x441.jpg 768w, http:\/\/studioka1.pl\/wp-content\/uploads\/2016\/12\/BUDYNEK-JEDNORODZINNY-KOSAKOW4.jpg 839w\" sizes=\"auto, (max-width: 313px) 100vw, 313px\" \/><\/a><a href=\"http:\/\/studioka1.pl\/?page_id=367\"><img loading=\"lazy\" decoding=\"async\" class=\"post-img alignnone wp-image-364 \" title=\"PRZEBUDOWA I ROZBUDOWA BUDYNKU MIESZKALNEGO WIELORODZINNEGO RUMIA\" src=\"http:\/\/studioka1.pl\/wp-content\/uploads\/2016\/12\/Elew.Wschwejherowo-300x133.jpg\" width=\"398\" height=\"176\" srcset=\"http:\/\/studioka1.pl\/wp-content\/uploads\/2016\/12\/Elew.Wschwejherowo-300x133.jpg 300w, http:\/\/studioka1.pl\/wp-content\/uploads\/2016\/12\/Elew.Wschwejherowo-768x340.jpg 768w, http:\/\/studioka1.pl\/wp-content\/uploads\/2016\/12\/Elew.Wschwejherowo.jpg 1004w\" sizes=\"auto, (max-width: 398px) 100vw, 398px\" \/><\/a><a href=\"http:\/\/studioka1.pl\/?page_id=603\">&nbsp; <img loading=\"lazy\" decoding=\"async\" class=\"post-img alignnone wp-image-629 \" title=\"ROZBUDOWA SZPITALA SUCHY DW\u00d3R\" src=\"http:\/\/studioka1.pl\/wp-content\/uploads\/2016\/12\/SZPITAL-SUCHY-DW\u00d3R-6-300x166.jpg\" alt=\"ROZBUDOWA SZPITALA SUCHY DW\u00d3R\" width=\"334\" height=\"185\" srcset=\"http:\/\/studioka1.pl\/wp-content\/uploads\/2016\/12\/SZPITAL-SUCHY-DW\u00d3R-6-300x166.jpg 300w, http:\/\/studioka1.pl\/wp-content\/uploads\/2016\/12\/SZPITAL-SUCHY-DW\u00d3R-6-768x424.jpg 768w, http:\/\/studioka1.pl\/wp-content\/uploads\/2016\/12\/SZPITAL-SUCHY-DW\u00d3R-6.jpg 839w\" sizes=\"auto, (max-width: 334px) 100vw, 334px\" \/>&nbsp;&nbsp;<\/a>&nbsp;<a href=\"http:\/\/studioka1.pl\/?page_id=606\"><img loading=\"lazy\" decoding=\"async\" class=\"post-img alignnone wp-image-639\" title=\"PRZEBUDOWA LOKALU NA GABINET DENTYSTYCZNY GDYNIA\" src=\"http:\/\/studioka1.pl\/wp-content\/uploads\/2016\/12\/GABINET-DENTYSTYCZNY-GDYNIA-1-300x211.jpg\" alt=\"PRZEBUDOWA LOKALU NA GABINET DENTYSTYCZNY GDYNIA\" width=\"275\" height=\"194\" srcset=\"http:\/\/studioka1.pl\/wp-content\/uploads\/2016\/12\/GABINET-DENTYSTYCZNY-GDYNIA-1-300x211.jpg 300w, http:\/\/studioka1.pl\/wp-content\/uploads\/2016\/12\/GABINET-DENTYSTYCZNY-GDYNIA-1-768x539.jpg 768w, http:\/\/studioka1.pl\/wp-content\/uploads\/2016\/12\/GABINET-DENTYSTYCZNY-GDYNIA-1.jpg 906w\" sizes=\"auto, (max-width: 275px) 100vw, 275px\" \/><\/a>&nbsp;<a href=\"http:\/\/studioka1.pl\/?page_id=609\"><img loading=\"lazy\" decoding=\"async\" class=\"post-img alignnone wp-image-631 size-medium\" title=\"REMONT BUDYNKU MAGAZYNOWO- PRODUKCYJNEGO GDYNIA\" src=\"http:\/\/studioka1.pl\/wp-content\/uploads\/2016\/12\/BIURO-300x211.jpg\" alt=\"REMONT BUDYNKU MAGAZYNOWO- PRODUKCYJNEGO GDYNIA\" width=\"300\" height=\"211\" srcset=\"http:\/\/studioka1.pl\/wp-content\/uploads\/2016\/12\/BIURO-300x211.jpg 300w, http:\/\/studioka1.pl\/wp-content\/uploads\/2016\/12\/BIURO-768x541.jpg 768w, http:\/\/studioka1.pl\/wp-content\/uploads\/2016\/12\/BIURO-1024x722.jpg 1024w, http:\/\/studioka1.pl\/wp-content\/uploads\/2016\/12\/BIURO.jpg 1176w\" sizes=\"auto, (max-width: 300px) 100vw, 300px\" \/><\/a><\/center><center><a href=\"http:\/\/studioka1.pl\/?page_id=613\"><img loading=\"lazy\" decoding=\"async\" class=\"post-img alignnone wp-image-633 \" title=\"BUDYNEK HANDLOWO-US\u0141UGOWY OSTR\u00d3DA\" src=\"http:\/\/studioka1.pl\/wp-content\/uploads\/2016\/12\/BUDYNEK-HANDL-US\u0141UG-OSTR\u00d3DA2-300x126.jpg\" alt=\"BUDYNEK HANDLOWO-US\u0141UGOWY OSTR\u00d3DA\" width=\"371\" height=\"156\" srcset=\"http:\/\/studioka1.pl\/wp-content\/uploads\/2016\/12\/BUDYNEK-HANDL-US\u0141UG-OSTR\u00d3DA2-300x126.jpg 300w, http:\/\/studioka1.pl\/wp-content\/uploads\/2016\/12\/BUDYNEK-HANDL-US\u0141UG-OSTR\u00d3DA2-768x322.jpg 768w, http:\/\/studioka1.pl\/wp-content\/uploads\/2016\/12\/BUDYNEK-HANDL-US\u0141UG-OSTR\u00d3DA2-1024x429.jpg 1024w, http:\/\/studioka1.pl\/wp-content\/uploads\/2016\/12\/BUDYNEK-HANDL-US\u0141UG-OSTR\u00d3DA2.jpg 1643w\" sizes=\"auto, (max-width: 371px) 100vw, 371px\" \/>&nbsp;<\/a>&nbsp; <a href=\"http:\/\/studioka1.pl\/?page_id=616\"><img loading=\"lazy\" decoding=\"async\" class=\"post-img alignnone wp-image-634 \" title=\"MODERNIZACJA TARGOWISKA PELPLIN\" src=\"http:\/\/studioka1.pl\/wp-content\/uploads\/2016\/12\/Realizacja-2015-300x200.jpg\" alt=\"MODERNIZACJA TARGOWISKA PELPLIN\" width=\"317\" height=\"211\" srcset=\"http:\/\/studioka1.pl\/wp-content\/uploads\/2016\/12\/Realizacja-2015-300x200.jpg 300w, http:\/\/studioka1.pl\/wp-content\/uploads\/2016\/12\/Realizacja-2015-768x512.jpg 768w, http:\/\/studioka1.pl\/wp-content\/uploads\/2016\/12\/Realizacja-2015-1024x683.jpg 1024w, http:\/\/studioka1.pl\/wp-content\/uploads\/2016\/12\/Realizacja-2015.jpg 1500w\" sizes=\"auto, (max-width: 317px) 100vw, 317px\" \/><\/a>&nbsp; <a href=\"http:\/\/studioka1.pl\/?page_id=623\"><img loading=\"lazy\" decoding=\"async\" class=\"post-img alignnone wp-image-636 \" title=\"STACJA PROSTOWNIKOWA TRAKCYJNA GDA\u0143SK\" src=\"http:\/\/studioka1.pl\/wp-content\/uploads\/2016\/12\/STACJA-PROSTOWNIKOWA-GDA\u0143SK1-300x217.jpg\" alt=\"STACJA PROSTOWNIKOWA TRAKCYJNA GDA\u0143SK\" width=\"332\" height=\"240\" srcset=\"http:\/\/studioka1.pl\/wp-content\/uploads\/2016\/12\/STACJA-PROSTOWNIKOWA-GDA\u0143SK1-300x217.jpg 300w, http:\/\/studioka1.pl\/wp-content\/uploads\/2016\/12\/STACJA-PROSTOWNIKOWA-GDA\u0143SK1-768x555.jpg 768w, http:\/\/studioka1.pl\/wp-content\/uploads\/2016\/12\/STACJA-PROSTOWNIKOWA-GDA\u0143SK1-1024x741.jpg 1024w, http:\/\/studioka1.pl\/wp-content\/uploads\/2016\/12\/STACJA-PROSTOWNIKOWA-GDA\u0143SK1.jpg 1236w\" sizes=\"auto, (max-width: 332px) 100vw, 332px\" \/><\/a><\/center>&nbsp;<\/p>\n<p>&nbsp;<\/p>\n","protected":false},"excerpt":{"rendered":"<p>&nbsp; &nbsp; &nbsp; &nbsp;&nbsp; &nbsp; &nbsp; &nbsp; &nbsp; &nbsp; &nbsp; &nbsp; &nbsp;&nbsp; &nbsp;&nbsp;&nbsp; &nbsp; &nbsp; &nbsp;&nbsp; &nbsp; &nbsp;&nbsp; &nbsp;&nbsp;&nbsp;&nbsp; &nbsp; &nbsp; &nbsp;&nbsp; &nbsp; &nbsp;&nbsp; &nbsp; &nbsp; &nbsp;&nbsp; &nbsp; &nbsp;&nbsp;&nbsp;&nbsp;&nbsp;&nbsp; &nbsp; &nbsp; &nbsp;<\/p>\n","protected":false},"author":1,"featured_media":0,"parent":0,"menu_order":0,"comment_status":"closed","ping_status":"closed","template":"","meta":{"ngg_post_thumbnail":0,"footnotes":""},"class_list":["post-11","page","type-page","status-publish","hentry"],"_links":{"self":[{"href":"http:\/\/studioka1.pl\/index.php?rest_route=\/wp\/v2\/pages\/11","targetHints":{"allow":["GET"]}}],"collection":[{"href":"http:\/\/studioka1.pl\/index.php?rest_route=\/wp\/v2\/pages"}],"about":[{"href":"http:\/\/studioka1.pl\/index.php?rest_route=\/wp\/v2\/types\/page"}],"author":[{"embeddable":true,"href":"http:\/\/studioka1.pl\/index.php?rest_route=\/wp\/v2\/users\/1"}],"replies":[{"embeddable":true,"href":"http:\/\/studioka1.pl\/index.php?rest_route=%2Fwp%2Fv2%2Fcomments&post=11"}],"version-history":[{"count":100,"href":"http:\/\/studioka1.pl\/index.php?rest_route=\/wp\/v2\/pages\/11\/revisions"}],"predecessor-version":[{"id":1400,"href":"http:\/\/studioka1.pl\/index.php?rest_route=\/wp\/v2\/pages\/11\/revisions\/1400"}],"wp:attachment":[{"href":"http:\/\/studioka1.pl\/index.php?rest_route=%2Fwp%2Fv2%2Fmedia&parent=11"}],"curies":[{"name":"wp","href":"https:\/\/api.w.org\/{rel}","templated":true}]}}