{"id":1037,"date":"2017-12-18T10:18:07","date_gmt":"2017-12-18T09:18:07","guid":{"rendered":"http:\/\/studioka1.pl\/?page_id=1037"},"modified":"2017-12-18T10:40:54","modified_gmt":"2017-12-18T09:40:54","slug":"ogrod-zimowy-lodz","status":"publish","type":"page","link":"http:\/\/studioka1.pl\/?page_id=1037","title":{"rendered":"OGR\u00d3D ZIMOWY- \u0141\u00f3d\u017a"},"content":{"rendered":"<table width=\"100%\" cellspacing=\"0\" cellpadding=\"4\" border=\"0\">\n<colgroup>\n<col width=\"58*\">\n<col width=\"198*\"> <\/colgroup>\n<tbody>\n<tr valign=\"TOP\">\n<td width=\"23%\"><span style=\"color: #000000;\"><span style=\"font-family: Arial, sans-serif;\"><span style=\"font-size: small;\">OBIEKT:<\/span><\/span><\/span><\/td>\n<td width=\"77%\"><span style=\"color: #999999;\"><span style=\"font-family: Arial, sans-serif;\"><span style=\"font-size: small;\"><b>OGR\u00d3D ZIMOWY<\/b><\/span><\/span><\/span><\/td>\n<\/tr>\n<tr valign=\"TOP\">\n<td width=\"23%\"><span style=\"color: #000000;\"><span style=\"font-family: Arial, sans-serif;\"><span style=\"font-size: small;\">LOKALIZACJA:<\/span><\/span><\/span><\/td>\n<td width=\"77%\"><span style=\"color: #999999;\"><span style=\"font-family: Arial, sans-serif;\"><span style=\"font-size: small;\">\u0141\u00d3D\u0179<\/span><\/span><\/span><\/td>\n<\/tr>\n<tr valign=\"TOP\">\n<td width=\"23%\"><span style=\"color: #000000;\"><span style=\"font-family: Arial, sans-serif;\"><span style=\"font-size: small;\">ZAKRES:<\/span><\/span><\/span><\/td>\n<td width=\"77%\"><span style=\"color: #999999;\"><span style=\"font-family: Arial, sans-serif;\"><span style=\"font-size: small;\">KONCEPCJA, PB, PW<\/span><\/span><\/span><\/td>\n<\/tr>\n<tr valign=\"TOP\">\n<td width=\"23%\"><span style=\"color: #000000;\"><span style=\"font-family: Arial, sans-serif;\"><span style=\"font-size: small;\">PROJEKT:<\/span><\/span><\/span><\/td>\n<td width=\"77%\"><span style=\"color: #999999;\"><span style=\"font-family: Arial, sans-serif;\"><span style=\"font-size: small;\">2017<\/span><\/span><\/span><\/td>\n<\/tr>\n<tr valign=\"TOP\">\n<td width=\"23%\" height=\"16\"><span style=\"color: #000000;\"><span style=\"font-family: Arial, sans-serif;\"><span style=\"font-size: small;\">REALIZACJA:<\/span><\/span><\/span><\/td>\n<td width=\"77%\"><span style=\"color: #999999;\"><span style=\"font-family: Arial, sans-serif;\"><span style=\"font-size: small;\">2018<\/span><\/span><\/span><\/td>\n<\/tr>\n<\/tbody>\n<\/table>\nngg_shortcode_0_placeholder\n","protected":false},"excerpt":{"rendered":"<p>OBIEKT: OGR\u00d3D ZIMOWY LOKALIZACJA: \u0141\u00d3D\u0179 ZAKRES: KONCEPCJA, PB, PW PROJEKT: 2017 REALIZACJA: 2018<\/p>\n","protected":false},"author":1,"featured_media":0,"parent":11,"menu_order":0,"comment_status":"closed","ping_status":"closed","template":"","meta":{"ngg_post_thumbnail":0,"footnotes":""},"class_list":["post-1037","page","type-page","status-publish","hentry"],"_links":{"self":[{"href":"http:\/\/studioka1.pl\/index.php?rest_route=\/wp\/v2\/pages\/1037","targetHints":{"allow":["GET"]}}],"collection":[{"href":"http:\/\/studioka1.pl\/index.php?rest_route=\/wp\/v2\/pages"}],"about":[{"href":"http:\/\/studioka1.pl\/index.php?rest_route=\/wp\/v2\/types\/page"}],"author":[{"embeddable":true,"href":"http:\/\/studioka1.pl\/index.php?rest_route=\/wp\/v2\/users\/1"}],"replies":[{"embeddable":true,"href":"http:\/\/studioka1.pl\/index.php?rest_route=%2Fwp%2Fv2%2Fcomments&post=1037"}],"version-history":[{"count":3,"href":"http:\/\/studioka1.pl\/index.php?rest_route=\/wp\/v2\/pages\/1037\/revisions"}],"predecessor-version":[{"id":1607,"href":"http:\/\/studioka1.pl\/index.php?rest_route=\/wp\/v2\/pages\/1037\/revisions\/1607"}],"up":[{"embeddable":true,"href":"http:\/\/studioka1.pl\/index.php?rest_route=\/wp\/v2\/pages\/11"}],"wp:attachment":[{"href":"http:\/\/studioka1.pl\/index.php?rest_route=%2Fwp%2Fv2%2Fmedia&parent=1037"}],"curies":[{"name":"wp","href":"https:\/\/api.w.org\/{rel}","templated":true}]}}